me factors of k.
73
Let g = 31 - 62. Let v = -19 - g. Suppose 0 = f + 3 - v. What are the prime factors of f?
3
Suppose -f + 4*s = -4*f + 58, 5*f + 4*s = 102. What are the prime factors of f?
2, 11
Suppose 0*g = -5*g + 130. Suppose 0 = -a + g - 1. List the prime factors of a.
5
Suppose 0*u = 2*u - 4*y - 106, -y = 1. List the prime factors of u.
3, 17
Let n(v) = v**3 + 5*v**2 - 4*v + 14. Let m be n(-6). List the prime factors of -2*(-48)/(6/m).
2
Suppose -6*h + 70 = -h. What are the prime factors of h?
2, 7
Let l be (-2)/((-1)/(-24)*-1). Suppose -76 = 4*h + 5*n + l, 3*h - n + 74 = 0. Let u = -14 - h. What are the prime factors of u?
2, 3
Suppose -164 - 129 = -4*s - 3*p, -2*p + 72 = s. List the prime factors of s.
2, 37
Let f be (20/25)/(4/(-30)). Let m be (f/10)/((-5)/275). Let d = 52 - m. List the prime factors of d.
19
Suppose -5*u + 262 = -63. What are the prime factors of u?
5, 13
Let l(o) = 12*o - 5. List the prime factors of l(7).
79
Let h(f) = 3*f - 9. What are the prime factors of h(5)?
2, 3
Suppose 3*k - 38 = 2*b, -57 = 3*b - 0*k - k. Let q be (b + 6)/(1 + 0). Let v = 30 + q. List the prime factors of v.
17
Suppose 2*f + p = 46, f + 2*p = -0*p + 29. What are the prime factors of f?
3, 7
Let z(d) = d + 1. Let l(x) = 3*x + 4. Let j(r) = -2*l(r) + 7*z(r). Let m be j(4). Suppose 22 + 41 = m*y. What are the prime factors of y?
3, 7
Let n(v) = 4*v**3 + 5 - 3*v**3 + 6*v**2 + 3. Let h be n(-6). Let l = -4 + h. What are the prime factors of l?
2
Let t = 161 + -110. Suppose -t = -3*w + 3. List the prime factors of w.
2, 3
Suppose 0 = -5*t - g + 436, 2*t - 4*g + 160 = 4*t. Suppose -4*d + t + 0 = 0. What are the prime factors of d?
2, 11
Suppose -8*f + 13*f - 470 = 0. What are the prime factors of f?
2, 47
Let g(n) = n**2 - 10*n - 76. What are the prime factors of g(-18)?
2, 107
Let q be (-339)/15 + (-6)/(-10). Let g = -2 - q. List the prime factors of g.
2, 5
Let y be 2679/(-33) - (-4)/22. Let u be ((-1)/3)/(3/y). Suppose r - u = 1. What are the prime factors of r?
2, 5
Let d = 15 + 16. Let r = 3 + d. List the prime factors of r.
2, 17
Suppose 5*k = 238 + 532. Let a = k - 106. Suppose -3*d + a - 18 = 0. List the prime factors of d.
2, 5
Let n(k) = 3*k + 4*k**2 - 3*k**2 + 12*k + 21. What are the prime factors of n(-14)?
7
Suppose 0 = -4*a - 0*a + 116. Suppose -3 - a = -4*n. Suppose 6*h - n*h = -12. What are the prime factors of h?
2, 3
Suppose -7*d + 472 = -886. What are the prime factors of d?
2, 97
Let u(q) = -q**2 + 7*q + 2. Let b be u(7). List the prime factors of -1 + (-2)/b*-16.
3, 5
Let s(y) = 2*y + 2. Let p be s(2). Suppose -104 = -5*m + p. List the prime factors of m.
2, 11
Let m(h) = h**2 - 11*h - 1. Let n be m(9). Let t = n - -21. List the prime factors of t.
2
Let i = -27 + 48. Suppose -71 + i = 5*w. List the prime factors of 2/(-4)*w - -3.
2
Let g be (-21)/(-6) - 15/(-10). Suppose 2*f - 3*t - 34 = 0, 4*t = g*f + 3*t - 111. What are the prime factors of f?
23
Suppose -3*p + 9 = 4*x, -2*p + 5*p - 9 = -x. Suppose 4*s = 4*b + 80, b - 28 - 28 = -p*s. List the prime factors of s.
19
Suppose -2*v = 4, 0 = 4*i + 3*v - 8 - 14. What are the prime factors of i?
7
Suppose -4*p = 3*j - 11, -p - 4*j - 37 = -6*p. Suppose -23 = -0*c - 2*c + 3*d, 95 = p*c + 5*d. List the prime factors of c.
2
Suppose 5*f - 2*w = -5*w + 321, f = 3*w + 75. List the prime factors of f.
2, 3, 11
Let a(u) = 2*u**3 - 2*u**2 - u. Let s be a(2). Let l = 3 - 7. Let v = s + l. What are the prime factors of v?
2
Suppose 2*c + p - 1 = 0, -3*c = c - 5*p - 23. Suppose 0 = -c*s + 33 - 13. What are the prime factors of 82/s + 3/(-15)?
2
Let f(k) = -k**2 - 17*k - 22. List the prime factors of f(-9).
2, 5
Let m = 561 - 380. What are the prime factors of m?
181
Suppose -3*n = -6, -4*u + 32 = -3*n - 42. List the prime factors of u.
2, 5
Let h = -3 + 3. Let k = h - -5. Suppose 5*i - k = 0, 0*d + 4*i + 41 = 5*d. What are the prime factors of d?
3
What are the prime factors of -8*(-3 - (-5)/2)?
2
Let j = 32 + -67. Let g be (8/10)/(1/j). Let t = -18 - g. List the prime factors of t.
2, 5
Let v = -217 + 319. List the prime factors of v.
2, 3, 17
Let f = 35 + 12. List the prime factors of f.
47
Suppose 0 = -2*b + 8 - 0. Suppose 9 = -b*s - 27. List the prime factors of s/(-1) + (-1 - -1).
3
Suppose p + 3*p - 10 = -3*u, u = 2*p. Suppose 3*g - a = 14, -a = a - u. What are the prime factors of g?
5
Suppose 908 - 158 = 6*n. List the prime factors of n.
5
Suppose 0 = -v + 114 + 148. What are the prime factors of v?
2, 131
Let g(p) = 14*p**2 - 3*p + 4. Let o be g(-4). Let u be ((-3)/4)/((-5)/o). Suppose -j - 2*j = -u. List the prime factors of j.
2, 3
Let x(r) = 2*r**2 - r. Let i be x(1). Let v(s) = -i - 3*s**2 - s + 2 + 2*s - s**3 + 0*s. List the prime factors of v(-4).
13
Suppose 2*g + 4*p = -p + 6, -5*g = -5*p - 15. Suppose -16 - 6 = -2*h. Suppose -g*v = -2*v - h. List the prime factors of v.
11
Let i = -12 + 11. Let y(z) = -22*z - 1. List the prime factors of y(i).
3, 7
Let b = 1 + -8. Let y(g) = -3*g**3 + 7*g**2 - 9*g + 13. Let q(t) = -4*t**3 + 11*t**2 - 14*t + 19. Let j(w) = 5*q(w) - 7*y(w). List the prime factors of j(b).
2
List the prime factors of (-150)/20*1*-2.
3, 5
Let w = 5 - 10. Let y(z) = -z**2 + z + 5. Let v be y(w). What are the prime factors of (-1)/4 + v/(-4)?
2, 3
Let r(m) = 3*m**2 + 14*m - 5. List the prime factors of r(-7).
2, 11
Let n = -80 - -19. Let h = -36 - n. What are the prime factors of h?
5
Let p(d) = -d**3 - 8*d**2 + 11. Let h be p(-8). Let t = 52 - h. List the prime factors of t.
41
Let x(f) = f**2 - 2*f + 323. What are the prime factors of x(0)?
17, 19
Let m(d) be the third derivative of 1/120*d**6 - 2*d**2 + 1/24*d**4 + 0 - 7/60*d**5 - 1/6*d**3 + 0*d. List the prime factors of m(7).
2, 3
Suppose -12 = -6*k - 0*k. List the prime factors of k.
2
Let f(q) = 6*q - 5. What are the prime factors of f(4)?
19
Suppose -2*s = -3*s. Suppose s = -2*n + 22. What are the prime factors of n?
11
What are the prime factors of 45*(-3 + (-56)/(-12))?
3, 5
Let q = 6 - 10. Let b be (-3)/(-6)*-5*q. Let c = b - 7. What are the prime factors of c?
3
Let w = -15 + 18. What are the prime factors of (-47)/(1/(w/(-3)))?
47
Suppose -o - 2*p - 2 = 0, -o - 13 = -2*o + p. Suppose -6 + 15 = 3*q. Let s = q + o. List the prime factors of s.
11
Let w(c) = 2*c**3 - 2*c**2 + 3*c - 2. Let x be w(2). Suppose 3*p - x = -0*p. List the prime factors of p.
2
Suppose -5*o + 96 + 349 = 0. List the prime factors of o.
89
Suppose 3*h + 9 = 24. Suppose 3*y = h*y - 6. What are the prime factors of y?
3
Let h = 2 + -3. Let v = 16 + -5. Let l = v + h. List the prime factors of l.
2, 5
Let m(x) = -x**3 + 2*x. Let a be m(-2). Suppose -a*o - 4 + 28 = 0. Suppose -4*f + 3*f = -o. What are the prime factors of f?
2, 3
List the prime factors of ((-38)/6)/(3/(-18)).
2, 19
Let n(i) = 7*i + 13. Let m(u) = -8*u - 14. Let j(s) = 6*m(s) + 7*n(s). What are the prime factors of j(6)?
13
Let p(x) = x**3 + 12*x**2 + 8*x - 13. Let a be p(-11). Suppose 2*d - a = -2*d. Let w(z) = -z**3 + 5*z**2 + 2*z - 3. What are the prime factors of w(d)?
7
Suppose -4*b = -3*b. List the prime factors of (-2)/((-4)/6) + b.
3
Let h = 3 + 7. List the prime factors of (-8)/h*(-130)/4.
2, 13
Let w(z) = -6*z**3 - z**2 - 3*z - 2. Let g be w(-1). Suppose 6*v + 3 = 5*v. Let c = v + g. What are the prime factors of c?
3
Let l(k) = -4*k**3 - 2*k**2 + 1. What are the prime factors of l(-2)?
5
Let j(m) = -19*m**3 + 2*m**2 - m. Let o be j(1). Let n(u) = -3*u - 41. Let q be n(-23). Let r = q + o. What are the prime factors of r?
2, 5
Suppose 5*v = u + 3*u + 41, u - 1 = -v. Let x(b) be the first derivative of b**3/3 - 3*b**2/2 - 5*b + 1. What are the prime factors of x(v)?
5
Let z be 3 - (-1 + 17*36). List the prime factors of z/(-44) - (-2)/11.
2, 7
Suppose -5*j = 3*c - 43, 0 + 2 = 2*c. Suppose 32 - j = 4*x. What are the prime factors of x?
2, 3
Suppose 0 = -j + 3*j - 64. What are the prime factors of j?
2
Suppose 3 = -x + 15. Suppose 0 = 2*k - 4*i - x, 4*k + 0*i - 5*i = 27. List the prime factors of k.
2
Suppose -2*c = -0*c + 4. Let k be 8*1 + 3 + c. List the prime factors of (0/3)/(-1) + k.
3
Suppose -3*z + 1 = -2, -44 = -u - 5*z. List the prime factors of ((-4)/6)/((-2)/u).
13
List the prime factors of ((-13)/(-4) + -3)*1784/2.
223
Suppose -2*l + 237 = -4*a 